5 and 21?
3
Calculate the highest common divisor of 278 and 2.
2
What is the greatest common factor of 4450 and 2?
2
What is the highest common divisor of 6 and 98?
2
What is the greatest common factor of 2489 and 19?
19
Calculate the highest common divisor of 1728 and 12.
12
Calculate the highest common divisor of 52 and 650.
26
What is the highest common divisor of 532 and 3268?
76
What is the greatest common factor of 136 and 2176?
136
What is the highest common factor of 39 and 2353?
13
Calculate the highest common factor of 814 and 22.
22
Calculate the greatest common factor of 253 and 66.
11
Calculate the highest common factor of 48 and 852.
12
Calculate the greatest common divisor of 774 and 306.
18
What is the greatest common divisor of 12 and 92?
4
What is the greatest common factor of 1001 and 2?
1
Calculate the highest common divisor of 44 and 3308.
4
Calculate the highest common divisor of 33812 and 316.
316
What is the highest common divisor of 32 and 10416?
16
What is the greatest common factor of 64 and 152?
8
What is the greatest common factor of 578 and 68?
34
What is the greatest common divisor of 722 and 133?
19
What is the highest common factor of 215 and 5?
5
Calculate the highest common divisor of 1128 and 3807.
141
What is the greatest common factor of 300 and 675?
75
Calculate the greatest common factor of 11472 and 48.
48
What is the greatest common divisor of 325 and 125?
25
What is the highest common factor of 81 and 51?
3
What is the greatest common factor of 8 and 8826?
2
Calculate the greatest common divisor of 91 and 52.
13
Calculate the greatest common factor of 1784 and 8.
8
What is the highest common factor of 44 and 66?
22
Calculate the highest common divisor of 7 and 12.
1
What is the greatest common factor of 640 and 1180?
20
What is the greatest common factor of 943 and 82?
41
Calculate the highest common divisor of 795 and 145.
5
Calculate the highest common divisor of 41 and 779.
41
Calculate the greatest common divisor of 2587 and 52.
13
What is the highest common divisor of 6 and 3?
3
Calculate the greatest common factor of 14 and 19642.
14
Calculate the greatest common factor of 410 and 2132.
82
What is the highest common factor of 17874 and 216?
54
What is the greatest common divisor of 1280 and 15?
5
What is the greatest common factor of 128 and 32?
32
Calculate the greatest common factor of 300 and 375.
75
What is the greatest common divisor of 642 and 34989?
321
Calculate the greatest common factor of 8 and 24.
8
Calculate the highest common factor of 133 and 21.
7
What is the highest common divisor of 327 and 1090?
109
What is the greatest common factor of 400 and 325?
25
What is the greatest common factor of 14 and 38?
2
What is the greatest common factor of 2165 and 18619?
433
What is the highest common divisor of 29 and 667?
29
What is the greatest common divisor of 24 and 3?
3
Calculate the greatest common divisor of 78 and 2418.
78
What is the greatest common factor of 378 and 2814?
42
Calculate the greatest common divisor of 136 and 4590.
34
What is the greatest common factor of 1173 and 867?
51
Calculate the greatest common factor of 8595 and 225.
45
What is the greatest common divisor of 2720 and 85?
85
What is the highest common divisor of 196 and 1722?
14
Calculate the highest common divisor of 493 and 1073.
29
Calculate the greatest common factor of 128 and 40.
8
What is the greatest common factor of 336 and 420?
84
What is the highest common divisor of 15 and 6150?
15
Calculate the greatest common factor of 25 and 725.
25
Calculate the highest common factor of 5470 and 90.
10
What is the highest common divisor of 11 and 3?
1
Calculate the highest common factor of 55 and 29645.
55
Calculate the highest common divisor of 437 and 92.
23
Calculate the highest common factor of 13 and 169.
13
What is the greatest common divisor of 7 and 35?
7
Calculate the greatest common factor of 84 and 84.
84
What is the highest common factor of 156 and 36?
12
Calculate the highest common divisor of 90949 and 103.
103
What is the highest common factor of 156 and 113880?
156
What is the highest common factor of 40 and 3790?
10
What is the greatest common factor of 105108 and 228?
228
What is the highest common divisor of 1017 and 9?
9
What is the highest common factor of 350 and 50?
50
What is the greatest common factor of 725 and 50?
25
Calculate the greatest common divisor of 645 and 2795.
215
Calculate the highest common divisor of 86 and 1978.
86
What is the greatest common divisor of 11327 and 47?
47
Calculate the highest common factor of 679 and 388.
97
Calculate the greatest common factor of 40 and 1160.
40
Calculate the highest common factor of 24 and 1944.
24
Calculate the highest common factor of 15 and 36.
3
What is the greatest common divisor of 27006 and 42?
42
Calculate the greatest common divisor of 1188 and 44.
44
Calculate the highest common divisor of 67 and 8.
1
What is the highest common divisor of 12 and 28?
4
Calculate the greatest common divisor of 2032 and 1397.
127
What is the greatest common divisor of 1792 and 1456?
112
What is the greatest common divisor of 9288 and 108?
108
What is the greatest common factor of 477 and 18?
9
Calculate the highest common factor of 165 and 33.
33
Calculate the highest common divisor of 70 and 434.
14
Calculate the highest common factor of 123 and 205.
41
What is the greatest common divisor of 19 and 5871?
19
Calculate the highest common divisor of 477 and 13197.
159
What is the highest common divisor of 1005 and 32495?
335
What is the greatest common factor of 36 and 3186?
18
What is the greatest common divisor of 130 and 20605?
65
What is the greatest common factor of 126 and 7?
7
Calculate the highest common divisor of 261 and 144.
9
What is the greatest common divisor of 676 and 104?
52
What is the greatest common divisor of 1914 and 1392?
174
What is the greatest common factor of 514 and 2?
2
What is the greatest common factor of 1034 and 110?
22
What is the greatest common divisor of 92 and 15226?
46
What is the highest common factor of 1047 and 8027?
349
What is the highest common divisor of 6 and 246?
6
What is the highest common divisor of 132 and 36?
12
What is the highest common factor of 3648 and 576?
192
Calculate the greatest common divisor of 292 and 4.
4
What is the greatest common factor of 90 and 10?
10
Calculate the highest common divisor of 323 and 76.
19
What is the greatest common factor of 784 and 896?
112
What is the greatest common divisor of 17037 and 27?
27
Calculate the highest common divisor of 6241 and 158.
79
What is the greatest common factor of 870 and 450?
30
What is the greatest common divisor of 222 and 7215?
111
Calculate the greatest common factor of 22 and 1342.
22
Calculate the greatest common factor of 1197 and 1463.
133
Calculate the greatest common factor of 1040 and 20.
20
Calculate the greatest common factor of 112 and 104.
8
Calculate the greatest common factor of 3 and 532.
1
What is the greatest common divisor of 246 and 1312?
82
Calculate the highest common divisor of 10275 and 300.
75
What is the greatest common factor of 284 and 4?
4
What is the highest common divisor of 624 and 8528?
208
Calculate the highest common factor of 24 and 2424.
24
Calculate the greatest common divisor of 20 and 6140.
20
What is the highest common divisor of 15 and 5?
5
Calculate the greatest common factor of 804 and 108.
12
What is the highest common divisor of 12 and 90?
6
What is the highest common divisor of 121 and 143?
11
What is the greatest common divisor of 1060 and 17755?
265
What is the highest common divisor of 354 and 25842?
354
What is the greatest common divisor of 52 and 130?
26
What is the highest common divisor of 294 and 833?
49
What is the greatest common divisor of 119 and 7140?
119
What is the highest common divisor of 1404 and 108?
108
What is the greatest common factor of 221 and 5355?
17
Calculate the greatest common factor of 88 and 1078.
22
What is the greatest common divisor of 209 and 2071?
19
What is the highest common divisor of 28 and 189?
7
Calculate the highest common divisor of 70 and 4.
2
Calculate the highest common divisor of 2646 and 945.
189
Calculate the greatest common div